{"id":21,"date":"2023-05-16T00:27:43","date_gmt":"2023-05-16T03:27:43","guid":{"rendered":"https:\/\/sublibox.com.br\/login\/?page_id=21"},"modified":"2025-01-02T18:07:13","modified_gmt":"2025-01-02T21:07:13","slug":"login","status":"publish","type":"page","link":"https:\/\/sublibox.com.br\/login\/","title":{"rendered":"Login"},"content":{"rendered":"\t\t<div data-elementor-type=\"wp-page\" data-elementor-id=\"21\" class=\"elementor elementor-21\" data-elementor-post-type=\"page\">\n\t\t\t\t<div class=\"elementor-element elementor-element-7c2634f6 e-flex e-con-boxed e-con e-parent\" data-id=\"7c2634f6\" data-element_type=\"container\" data-settings=\"{&quot;background_background&quot;:&quot;classic&quot;}\">\n\t\t\t\t\t<div class=\"e-con-inner\">\n\t\t\t\t<div class=\"elementor-element elementor-element-757cf104 elementor-widget__width-initial elementor-widget-widescreen__width-initial jltma-glass-effect-no elementor-widget elementor-widget-eael-login-register\" data-id=\"757cf104\" data-element_type=\"widget\" data-widget_type=\"eael-login-register.default\">\n\t\t\t\t<div class=\"elementor-widget-container\">\n\t\t\t        <div class=\"eael-login-registration-wrapper \"\n             data-is-ajax=\"\"\n             data-widget-id=\"757cf104\"\n             data-page-id=\"21\"\n             data-recaptcha-sitekey=\"\"\n\t\t\t data-recaptcha-sitekey-v3=\"\"\n\t\t\t data-login-recaptcha-version=\"v2\"\n\t\t\t data-register-recaptcha-version=\"v2\"\n             data-redirect-to=\"https:\/\/sublibox.com.br\/login\/vitrine\/\"\n             data-resetpassword-redirect-to=\"\"\n        >\n\t\t\t            <section\n                    id=\"eael-login-form-wrapper\"\n                    class=\"\"\n                    data-recaptcha-theme=\"light\"\n                    data-recaptcha-size=\"normal\">\n                <div class=\"eael-login-form-wrapper eael-lr-form-wrapper style-2 \">\n\t\t\t\t\t                        <div class=\"lr-form-wrapper\">\n\t\t\t\t\t\t\t        <div class=\"lr-form-header header-left\">\n\t\t\t                <div class=\"form-logo \">\n                    <img decoding=\"async\" src=\"https:\/\/sublibox.com.br\/login\/wp-content\/uploads\/2023\/11\/LOGO-SUBLIBOX-roxo-scaled.webp\"\n                         alt=\"Imagem do logo do formul\u00e1rio\">\n                <\/div>\n\t\t\t\n\t\t\t                <div class=\"form-dsc\">\n\t\t\t\t\t<h4>Entrar<\/h4>                <\/div>\n\t\t\t        <\/div>\n\t\t\t\t\t\t\t\t\t                            <form class=\"eael-login-form eael-lr-form\"\n                                  id=\"eael-login-form\"\n                                  method=\"post\">\n\t\t\t\t\t\t\t\t                                <div class=\"eael-lr-form-group eael-user-login\">\n\t\t\t\t\t\t\t\t\t                                    <input type=\"text\"\n                                           name=\"eael-user-login\"\n                                           id=\"eael-user-login\"\n                                           class=\"eael-lr-form-control\"\n                                           placeholder=\"Email\"\n                                           required>\n\t\t\t\t\t\t\t\t\t                                <\/div>\n                                <div class=\"eael-lr-form-group eael-user-password\">\n\t\t\t\t\t\t\t\t\t                                    <div class=\"eael-lr-password-wrapper\">\n                                        <input type=\"password\"\n                                               name=\"eael-user-password\"\n                                               class=\"eael-lr-form-control\"\n                                               id=\"eael-user-password\"\n                                               placeholder=\"Senha\"\n                                               required>\n\t\t\t\t\t\t\t\t\t\t                                            <button type=\"button\"\n                                                    id=\"wp-hide-pw\"\n                                                    class=\"wp-hide-pw hide-if-no-js\"\n                                                    aria-label=\"Show password\">\n                                                <span class=\"dashicons dashicons-visibility\"\n                                                      aria-hidden=\"true\"><\/span>\n                                            <\/button>\n\t\t\t\t\t\t\t\t\t\t\t\t\t\t\t\t\t\t\t\t                                    <\/div>\n                                <\/div>\n                                <div class=\"eael-forever-forget eael-lr-form-group\">\n\t\t\t\t\t\t\t\t\t                                        <p class=\"forget-menot\">\n                                            <input name=\"eael-rememberme\"\n                                                   type=\"checkbox\"\n                                                   id=\"rememberme\"\n\t\t\t\t\t\t\t\t\t\t\t\t                                                      class=\"remember-me lr-checkbox\"\n                                                   value=\"forever\">\n                                            <label for=\"rememberme\"\n                                                   class=\"eael-checkbox-label rememberme\">Mantenha-me logado<\/label>\n                                        <\/p>\n\t\t\t\t\t\t\t\t\t<p class=\"forget-pass\"><a href=\"https:\/\/sublibox.com.br\/login\/esqueceu-senha\/\">Esqueceu sua senha?<\/a><\/p>\n                                <\/div>\n\n\t\t\t\t\t\t\t\t\n\n                                <div class=\"eael-lr-footer\">\n\t\t\t\t\t\t\t\t\t<div class=\"eael-lr-form-loader-wrapper\">\n                                    \t<input type=\"submit\"\n                                           name=\"eael-login-submit\"\n                                           id=\"eael-login-submit\"\n                                           class=\"g-recaptcha eael-lr-btn eael-lr-btn-block \"\n                                           value=\"Entrar\"\/>\n\t\t\t\t\t\t\t\t\t\t\n\t\t\t\t\t\t\t\t\t\t\n\t\t\t\t\t\t\t\t\t<\/div>\n\t\t\t\t\t\t\t\t\t\n                                <\/div>\n\t\t\t\t\t\t\t\t                                <div class=\"eael-form-validation-container\">\n\t\t\t\t\t\t\t\t\t                                <\/div>\n\t\t\t\t\t\t\t\t                <input type=\"hidden\"\n                       name=\"redirect_to\"\n                       value=\"https:\/\/sublibox.com.br\/login\/vitrine\/\">\n\t\t\t<input type=\"hidden\" id=\"eael-login-nonce\" name=\"eael-login-nonce\" value=\"5efadf31c1\" \/><input type=\"hidden\" name=\"_wp_http_referer\" value=\"\/login\/wp-json\/wp\/v2\/pages\/21\" \/>        <input type=\"hidden\"\n               name=\"page_id\"\n               value=\"21\">\n\t\t<input type=\"hidden\"\n               name=\"page_id_for_popup\"\n               value=\"21\">\t   \n\t\t<input type=\"hidden\"\n               name=\"resetpassword_in_popup_selector\"\n               value=\"\">\n        <input type=\"hidden\"\n               name=\"widget_id\"\n               value=\"757cf104\">\n\t\t                            <\/form>\n\t\t\t\t\t\t\t                        <\/div>\n\t\t\t\t\t\t                <\/div>\n\n            <\/section>\n\n\t\t\t<script>\n\t\t\t\tjQuery(document).ready(function($){\n\t\t\t\t\tvar eael_get_login_status = localStorage.getItem( 'eael-is-login-form' );\n\t\t\t\t\tif( eael_get_login_status === 'true' ) {\n\t\t\t\t\t\tsetTimeout(function() {\n\t\t\t\t\t\t\tvar button = jQuery('[eael-login=\"yes\"]');\n\t\t\t\t\t\t\tif( ! button.hasClass('eael-clicked') ) {\n\t\t\t\t\t\t\t\tbutton.trigger('click').addClass('eael-clicked');\n\t\t\t\t\t\t\t}\n\t\t\t\t\t\t}, 100);\n\n\t\t\t\t\t\tsetTimeout(function() {\n\t\t\t\t\t\t\tjQuery('[eael-login=\"yes\"]').removeClass('eael-clicked')\n\t\t\t\t\t\t}, 500);\n\t\t\t\t\t}\n\t\t\t\t});\n\t\t\t<\/script>\n\t\t\t            <section\n                    id=\"eael-lostpassword-form-wrapper\"\n                    class=\"eael-lr-d-none\"\n                    >\n                <div class=\"eael-lostpassword-form-wrapper eael-lr-form-wrapper style-2 \">\n\t\t\t\t\t\t\t\t\t\t<div class=\"lr-form-wrapper\">\n\t\t\t\t\t\t        <div class=\"lr-form-header header-left\">\n\t\t\t                <div class=\"form-logo \">\n                    <img decoding=\"async\" src=\"https:\/\/sublibox.com.br\/login\/wp-content\/uploads\/2023\/11\/LOGO-SUBLIBOX-roxo-scaled.webp\"\n                         alt=\"Imagem do logo do formul\u00e1rio\">\n                <\/div>\n\t\t\t\n\t\t\t        <\/div>\n\t\t\t\t\t\t\t\t\t\t\t\t\t\t<form class=\"eael-lostpassword-form eael-lr-form\"\n\t\t\t\t\t\t\t  id=\"eael-lostpassword-form\"\n\t\t\t\t\t\t\t  method=\"post\">\n\t\t\t\t\t\t\t\t\t\t\t\t\t\t<div class=\"eael-lr-form-group \">\n\t\t\t\t\t\t\t\t<label for=\"eael-user-lostpassword\" class=\"eael-field-label\">Nome de usu\u00e1rio ou endere\u00e7o de e-mail<\/label>\t\t\t\t\t\t\t\t<input type=\"text\"\n\t\t\t\t\t\t\t\t\t   name=\"eael-user-lostpassword\"\n\t\t\t\t\t\t\t\t\t   id=\"eael-user-lostpassword\"\n\t\t\t\t\t\t\t\t\t   class=\"eael-lr-form-control\"\n\t\t\t\t\t\t\t\t\t   placeholder=\"Nome de usu\u00e1rio ou endere\u00e7o de e-mail\"\n\t\t\t\t\t\t\t\t\t   required>\n\t\t\t\t\t\t\t\t\t\t\t\t\t\t\t<\/div>\n\n\t\t\t\t\t\t\t\n\t\t\t\t\t\t\t<div class=\"eael-lr-footer\">\n\t\t\t\t\t\t\t\t<input type=\"submit\"\n\t\t\t\t\t\t\t\t\t   name=\"eael-lostpassword-submit\"\n\t\t\t\t\t\t\t\t\t   id=\"eael-lostpassword-submit\"\n\t\t\t\t\t\t\t\t\t   class=\"eael-lr-btn eael-lr-btn-block   \"\n\t\t\t\t\t\t\t\t\t   value=\"Reset Password\"\/>\n\t\t\t\t\t\t\t\t\t\t\t\t\t\t\t\t\t<div class=\"eael-sign-wrapper \">\n\t\t\t\t\t\t\t\t\t\t<span class=\"d-ib\"><\/span> <a href=\"https:\/\/sublibox.com.br\/login\/login\" id=\"eael-lr-login-toggle-lostpassword\" class=\"eael-lr-link\" data-action=\"custom\">Entrar<\/a>\t\t\t\t\t\t\t\t\t<\/div>\n\t\t\t\t\t\t\t\t\n\t\t\t\t\t\t\t<\/div>\n\t\t\t\t\t\t\t\t\t\t\t\t\t\t<div class=\"eael-form-validation-container\">\n\t\t\t\t\t\t\t\t\t\t\t\t\t\t\t<\/div>\n\t\t\t\t\t\t\t<input type=\"hidden\" id=\"eael-lostpassword-nonce\" name=\"eael-lostpassword-nonce\" value=\"f13d65e5c2\" \/><input type=\"hidden\" name=\"_wp_http_referer\" value=\"\/login\/wp-json\/wp\/v2\/pages\/21\" \/>        <input type=\"hidden\"\n               name=\"page_id\"\n               value=\"21\">\n\t\t<input type=\"hidden\"\n               name=\"page_id_for_popup\"\n               value=\"21\">\t   \n\t\t<input type=\"hidden\"\n               name=\"resetpassword_in_popup_selector\"\n               value=\"\">\n        <input type=\"hidden\"\n               name=\"widget_id\"\n               value=\"757cf104\">\n\t\t\t\t\t\t\t\t<\/form>\n\t\t\t\t\t\t\t\t\t\t\t<\/div>\n\t\t\t\t\t                <\/div>\n\n            <\/section>\n\t\t\t        <\/div>\n\n\t\t\t\t<\/div>\n\t\t\t\t<\/div>\n\t\t\t\t\t<\/div>\n\t\t\t\t<\/div>\n\t\t\t\t<\/div>\n\t\t","protected":false},"excerpt":{"rendered":"<p>Voc\u00ea j\u00e1 est\u00e1 conectado como Richradson. (Sair) Nome de usu\u00e1rio ou endere\u00e7o de e-mail Entrar<\/p>\n","protected":false},"author":9,"featured_media":1680,"parent":0,"menu_order":0,"comment_status":"closed","ping_status":"closed","template":"elementor_canvas","meta":{"_acf_changed":false,"_joinchat":[],"footnotes":""},"class_list":["post-21","page","type-page","status-publish","has-post-thumbnail","hentry"],"acf":[],"yoast_head":"<!-- This site is optimized with the Yoast SEO plugin v27.2 - https:\/\/yoast.com\/product\/yoast-seo-wordpress\/ -->\n<title>Login - Sublibox<\/title>\n<meta name=\"description\" content=\"Acesse aqui para fazer login na Plataforma Sublibox\" \/>\n<meta name=\"robots\" content=\"index, follow, max-snippet:-1, max-image-preview:large, max-video-preview:-1\" \/>\n<link rel=\"canonical\" href=\"https:\/\/sublibox.com.br\/login\/\" \/>\n<meta property=\"og:locale\" content=\"pt_BR\" \/>\n<meta property=\"og:type\" content=\"article\" \/>\n<meta property=\"og:title\" content=\"Login - Sublibox\" \/>\n<meta property=\"og:description\" content=\"Acesse aqui para fazer login na Plataforma Sublibox\" \/>\n<meta property=\"og:url\" content=\"https:\/\/sublibox.com.br\/login\/\" \/>\n<meta property=\"og:site_name\" content=\"Sublibox\/login\" \/>\n<meta property=\"article:modified_time\" content=\"2025-01-02T21:07:13+00:00\" \/>\n<meta property=\"og:image\" content=\"https:\/\/sublibox.com.br\/login\/wp-content\/uploads\/2023\/12\/PERFIL-DO-WHATS.webp\" \/>\n\t<meta property=\"og:image:width\" content=\"812\" \/>\n\t<meta property=\"og:image:height\" content=\"812\" \/>\n\t<meta property=\"og:image:type\" content=\"image\/webp\" \/>\n<meta name=\"twitter:card\" content=\"summary_large_image\" \/>\n<script type=\"application\/ld+json\" class=\"yoast-schema-graph\">{\"@context\":\"https:\/\/schema.org\",\"@graph\":[{\"@type\":\"WebPage\",\"@id\":\"https:\/\/sublibox.com.br\/login\/\",\"url\":\"https:\/\/sublibox.com.br\/login\/\",\"name\":\"Login - Sublibox\",\"isPartOf\":{\"@id\":\"https:\/\/sublibox.com.br\/login\/#website\"},\"primaryImageOfPage\":{\"@id\":\"https:\/\/sublibox.com.br\/login\/#primaryimage\"},\"image\":{\"@id\":\"https:\/\/sublibox.com.br\/login\/#primaryimage\"},\"thumbnailUrl\":\"https:\/\/sublibox.com.br\/login\/wp-content\/uploads\/2023\/12\/PERFIL-DO-WHATS.webp\",\"datePublished\":\"2023-05-16T03:27:43+00:00\",\"dateModified\":\"2025-01-02T21:07:13+00:00\",\"description\":\"Acesse aqui para fazer login na Plataforma Sublibox\",\"inLanguage\":\"pt-BR\",\"potentialAction\":[{\"@type\":\"ReadAction\",\"target\":[\"https:\/\/sublibox.com.br\/login\/\"]}]},{\"@type\":\"ImageObject\",\"inLanguage\":\"pt-BR\",\"@id\":\"https:\/\/sublibox.com.br\/login\/#primaryimage\",\"url\":\"https:\/\/sublibox.com.br\/login\/wp-content\/uploads\/2023\/12\/PERFIL-DO-WHATS.webp\",\"contentUrl\":\"https:\/\/sublibox.com.br\/login\/wp-content\/uploads\/2023\/12\/PERFIL-DO-WHATS.webp\",\"width\":812,\"height\":812},{\"@type\":\"WebSite\",\"@id\":\"https:\/\/sublibox.com.br\/login\/#website\",\"url\":\"https:\/\/sublibox.com.br\/login\/\",\"name\":\"Sublibox\/login\",\"description\":\"QUER SABER COMO TER MILHARES DE ARTES PARA SUBLIMA\u00c7\u00c3O DE CAMISETAS A SUA DISPOSI\u00c7\u00c3O? Crie de forma profissional artes incr\u00edveis em alguns minutos que se vendem, mesmo voc\u00ea sendo iniciante.\",\"potentialAction\":[{\"@type\":\"SearchAction\",\"target\":{\"@type\":\"EntryPoint\",\"urlTemplate\":\"https:\/\/sublibox.com.br\/login\/?s={search_term_string}\"},\"query-input\":{\"@type\":\"PropertyValueSpecification\",\"valueRequired\":true,\"valueName\":\"search_term_string\"}}],\"inLanguage\":\"pt-BR\"}]}<\/script>\n<!-- \/ Yoast SEO plugin. -->","yoast_head_json":{"title":"Login - Sublibox","description":"Acesse aqui para fazer login na Plataforma Sublibox","robots":{"index":"index","follow":"follow","max-snippet":"max-snippet:-1","max-image-preview":"max-image-preview:large","max-video-preview":"max-video-preview:-1"},"canonical":"https:\/\/sublibox.com.br\/login\/","og_locale":"pt_BR","og_type":"article","og_title":"Login - Sublibox","og_description":"Acesse aqui para fazer login na Plataforma Sublibox","og_url":"https:\/\/sublibox.com.br\/login\/","og_site_name":"Sublibox\/login","article_modified_time":"2025-01-02T21:07:13+00:00","og_image":[{"width":812,"height":812,"url":"https:\/\/sublibox.com.br\/login\/wp-content\/uploads\/2023\/12\/PERFIL-DO-WHATS.webp","type":"image\/webp"}],"twitter_card":"summary_large_image","schema":{"@context":"https:\/\/schema.org","@graph":[{"@type":"WebPage","@id":"https:\/\/sublibox.com.br\/login\/","url":"https:\/\/sublibox.com.br\/login\/","name":"Login - Sublibox","isPartOf":{"@id":"https:\/\/sublibox.com.br\/login\/#website"},"primaryImageOfPage":{"@id":"https:\/\/sublibox.com.br\/login\/#primaryimage"},"image":{"@id":"https:\/\/sublibox.com.br\/login\/#primaryimage"},"thumbnailUrl":"https:\/\/sublibox.com.br\/login\/wp-content\/uploads\/2023\/12\/PERFIL-DO-WHATS.webp","datePublished":"2023-05-16T03:27:43+00:00","dateModified":"2025-01-02T21:07:13+00:00","description":"Acesse aqui para fazer login na Plataforma Sublibox","inLanguage":"pt-BR","potentialAction":[{"@type":"ReadAction","target":["https:\/\/sublibox.com.br\/login\/"]}]},{"@type":"ImageObject","inLanguage":"pt-BR","@id":"https:\/\/sublibox.com.br\/login\/#primaryimage","url":"https:\/\/sublibox.com.br\/login\/wp-content\/uploads\/2023\/12\/PERFIL-DO-WHATS.webp","contentUrl":"https:\/\/sublibox.com.br\/login\/wp-content\/uploads\/2023\/12\/PERFIL-DO-WHATS.webp","width":812,"height":812},{"@type":"WebSite","@id":"https:\/\/sublibox.com.br\/login\/#website","url":"https:\/\/sublibox.com.br\/login\/","name":"Sublibox\/login","description":"QUER SABER COMO TER MILHARES DE ARTES PARA SUBLIMA\u00c7\u00c3O DE CAMISETAS A SUA DISPOSI\u00c7\u00c3O? Crie de forma profissional artes incr\u00edveis em alguns minutos que se vendem, mesmo voc\u00ea sendo iniciante.","potentialAction":[{"@type":"SearchAction","target":{"@type":"EntryPoint","urlTemplate":"https:\/\/sublibox.com.br\/login\/?s={search_term_string}"},"query-input":{"@type":"PropertyValueSpecification","valueRequired":true,"valueName":"search_term_string"}}],"inLanguage":"pt-BR"}]}},"post_mailing_queue_ids":[],"_links":{"self":[{"href":"https:\/\/sublibox.com.br\/login\/wp-json\/wp\/v2\/pages\/21","targetHints":{"allow":["GET"]}}],"collection":[{"href":"https:\/\/sublibox.com.br\/login\/wp-json\/wp\/v2\/pages"}],"about":[{"href":"https:\/\/sublibox.com.br\/login\/wp-json\/wp\/v2\/types\/page"}],"author":[{"embeddable":true,"href":"https:\/\/sublibox.com.br\/login\/wp-json\/wp\/v2\/users\/9"}],"replies":[{"embeddable":true,"href":"https:\/\/sublibox.com.br\/login\/wp-json\/wp\/v2\/comments?post=21"}],"version-history":[{"count":0,"href":"https:\/\/sublibox.com.br\/login\/wp-json\/wp\/v2\/pages\/21\/revisions"}],"wp:featuredmedia":[{"embeddable":true,"href":"https:\/\/sublibox.com.br\/login\/wp-json\/wp\/v2\/media\/1680"}],"wp:attachment":[{"href":"https:\/\/sublibox.com.br\/login\/wp-json\/wp\/v2\/media?parent=21"}],"curies":[{"name":"wp","href":"https:\/\/api.w.org\/{rel}","templated":true}]}}